 - 180. Calculate the remainder when 255 is divided by s.
127
Let n be ((-10)/6 - -3)/((-8)/(-18)). What is the remainder when (22/n)/(((-2)/(-21))/1) is divided by 17?
9
Suppose 0*g - 4*g = -260. Suppose 5 = -r, -2*y + 7*y - 45 = -3*r. Calculate the remainder when g is divided by y.
5
Let n be (-2 + (-80)/(-35))/((-1)/(-7)). Suppose 0 = -5*v + n*i + 307, -v - 2*v + 181 = 2*i. Calculate the remainder when v is divided by 16.
13
Suppose -22*i + 20*i = -5*s + 4905, s - 999 = 4*i. Calculate the remainder when s is divided by 5.
4
Let f = -5 + 8. Let g(w) = -179*w - 2455. What is the remainder when g(-14) is divided by f?
0
Suppose 0*m = 4*m, -3*p + 18 = -4*m. Calculate the remainder when p/(54/1425) - 2/6 is divided by 27.
23
Let q(o) = o + 15. Let u(m) = -m**2 + 1. Let y(v) = 5*v**2 - 15*v - 33. Let z(n) = 6*u(n) + y(n). Calculate the remainder when z(-8) is divided by q(-7).
5
What is the remainder when (101 - 103)*(-2 - 77) is divided by 49?
11
Let g = 93 - 46. Suppose 4*d = 2*p + 14, 1386 - 1414 = d - 5*p. Calculate the remainder when g is divided by d.
5
Let t be -4*-3*(-15)/(-36). Suppose -4*x - t*u = -847, x = u - 5*u + 220. What is the remainder when x is divided by 53?
49
Let o(v) = -v**3 - 26*v**2 + 2. Suppose -47 = 2*g - 0*g - 5*m, -51 = 2*g - m. Calculate the remainder when ((-25)/15)/(-5) - 23/(-3) is divided by o(g).
0
Let j = -89 + 185. Let v = 110 - j. Calculate the remainder when 165 is divided by v.
11
Suppose -13 = -4*j + 19. What is the remainder when 363/(-132)*2*-2 is divided by j?
3
Suppose 118*k = 224*k - 8374. Calculate the remainder when k is divided by 44.
35
Suppose 0 = 20*m - 24*m + 24. Let w(d) = d**3 + 6*d**2 - 6*d + 16. Calculate the remainder when w(-7) is divided by m.
3
Suppose 5*a - 4150 = -x, -44*a = -49*a - 5*x + 4130. Calculate the remainder when a is divided by 205.
11
Suppose -5*h = -i + 136, -10*i + 5*h = -5*i - 720. Calculate the remainder when 296 is divided by i.
4
Let n = 18 - 16. Let r be -1 - 1 - (22/n + -1). Calculate the remainder when 14 is divided by 3/(r/(-16)*2).
0
Let o = 4486 - 3964. What is the remainder when o is divided by 44?
38
Let c(l) = 378*l - 13. Let q be c(1). Suppose 0 = 33*j - 1091 + q. What is the remainder when 130 is divided by j?
20
Let y = -4 + 8. Suppose -y*l = -6*r + r - 30, 5*l + 4*r = 17. Suppose -8 = -j + 23*b - 20*b, -49 = -2*j - 5*b. What is the remainder when j is divided by l?
2
Let t(f) = 373*f - 10772. What is the remainder when 2218 is divided by t(29)?
13
Suppose 70*a - 66*a = 32. Calculate the remainder when 42 is divided by a/(44/8 + -5).
10
Suppose h = -3*v + 175, -v - h = 2*h - 69. Suppose -r + 0*r - v = z, z + 2*r = -57. What is the remainder when 72 is divided by -3*(-2)/(-9)*z?
34
Let p be -3142*((-5)/((-15)/27) - -3). Calculate the remainder when p/(-144) - (-2)/12 is divided by 53.
50
Let d(u) be the third derivative of -u**6/120 + 3*u**5/20 - 5*u**4/24 - u**3 - 10*u**2 + 2*u. Calculate the remainder when 177 is divided by d(8).
15
Suppose 890 = 5*t - 5*l, 4*l = 5*t - 474 - 412. What is the remainder when t is divided by (-1 + -23)*(-3090)/3708?
14
What is the remainder when 23478/(-182)*((-10)/14 + 6/(-21)) is divided by 4?
1
Suppose -k = 7*k + 1080. Let i = k + 219. Suppose -20*c = -18*c - i. What is the remainder when c is divided by 22?
20
Suppose -182 = 5*w + 5*n - 3067, -4*w = 2*n - 2298. Let v = 589 - w. Calculate the remainder when 33 is divided by v.
16
Let p = 0 + -1. Calculate the remainder when p + 1 - (-35 - 2) is divided by (-2 + (30/8)/5)/(((-1995)/(-252))/(-95)).
7
Let x(t) = 18*t - 5*t + 36*t**2 + 7 + 9*t - 31*t**2. What is the remainder when 84 is divided by x(-5)?
18
Let j(f) = 14*f**2 - f. Let b be (-57)/(-6) + 36/24. Suppose -9*a = b*a - 580. What is the remainder when a is divided by j(-1)?
14
Suppose -636*h - 89512 = -93964. Suppose -82 = -2*m + 102. Calculate the remainder when m is divided by h.
1
Suppose 0 = -2*f - 2*b + 1498, -1501 = -2*f + b - 6*b. Let p = f - 646. Calculate the remainder when p is divided by 36.
30
Let w be (4 - 5) + -3 + 264. Suppose 0 = 2*u + 2*d + 3*d - 99, 2*u = -d + 111. What is the remainder when u is divided by 6/33 + w/22?
9
Suppose -j + 9 = 5*i - 184, j - 117 = -3*i. Let k = i + -26. Suppose 15*r = -1693 + 1783. Calculate the remainder when k is divided by r.
0
Let m be (-33)/((0 + 4)*2/(-8)). Suppose 2*a = -5*z + 69 + m, 30 = z - 2*a. Suppose 7*d = 2*d + 25. Calculate the remainder when z is divided by d.
2
Let x(m) = 42*m + 359. Suppose -9*r + 523 = -449. What is the remainder when r is divided by x(-8)?
16
Let h = 261 - 45. Suppose -5*k = -2*o - 155, 10*o - 15*o - 124 = -4*k. What is the remainder when h is divided by k?
30
Let w(l) = -2*l**3 + 20*l**2 + 12*l + 13. What is the remainder when w(10) is divided by 9?
7
Let w be (-1)/2*(-7 + 11)*-2. Let m be w/6*90/20. Suppose 3*r = -m*p + 24, 2*p = -3*r + 2 + 21. Calculate the remainder when r is divided by 1.
0
Suppose -20*a = 20*a - 2586 + 186. What is the remainder when 851 is divided by a?
11
Suppose -16*i + 0*i - 63133 = -23*i. Calculate the remainder when i is divided by 97.
95
Suppose -5*u = -3*j - 2*u + 546, -3*j + u = -554. Calculate the remainder when j is divided by 123.
63
Let y = 401 + -75. What is the remainder when (y/4)/((-27)/(-54)) is divided by 41?
40
Suppose -19 = -4*y + 17. Let z = -55355 + 55370. Calculate the remainder when z is divided by y.
6
Let v(n) = -164*n + 13. Let d be v(3). Let j = d + 672. Suppose 5*b + 58 = j. What is the remainder when b is divided by 16?
11
Suppose -l = -5*k + 432, -2*l = -21*k + 17*k + 348. What is the remainder when 515 is divided by k?
85
Let k = -171 - -169. Calculate the remainder when k/(-5)*20*3 is divided by 4.
0
Let l(c) = c**3 - 10*c**2 + 5*c - 37. Let i be l(10). Suppose 4*n + t - 19 = 0, 2*n - 6*t = -3*t + i. What is the remainder when 8 is divided by n?
3
Suppose -23*i - 10 = -28*i. Suppose a = -a - 2*p + 4, 3*p + i = -a. Suppose a*u = 242 - 46. What is the remainder when u is divided by 17?
15
Let p(w) = -5*w + 96. Let n be p(22). Calculate the remainder when 200 is divided by (-58)/(36/126 - (-32)/n).
26
Suppose 2*l - 1209 = 301. Suppose -1260*w = 632*w + 852*w + 766*w - 147420. What is the remainder when l is divided by w?
41
Suppose 0 = -10*j - 4*j + 70. Let v be (5/j)/(((-15)/9)/5). What is the remainder when (-7)/(21/(-153)) - (v - -6) is divided by 10?
8
Let g = 5532 + -5475. Calculate the remainder when 59 is divided by g.
2
Let v be 49/28 + -1 + (-10)/(-8). Suppose 0 = -5*q - 5*c + 20, 0 = v*q - 3*c - 2 - 1. Suppose -6*t + q*t = -57. Calculate the remainder when t is divided by 11.
8
Let w be (10 - -1) + -4 + -10 + 15. Suppose 0 = w*r - 123 - 465. What is the remainder when 139 is divided by r?
41
Calculate the remainder when (-214)/2*(5 - 48/(-3 + 11)) is divided by 44.
19
Suppose -71*s + 78304 = 20155. Calculate the remainder when s is divided by 47.
20
Let f = -33198 - -33322. Calculate the remainder when 5323 is divided by f.
115
Let d(w) = -2*w + 15. Suppose -13*p + 20*p - 42 = 0. Suppose 3*f = -2 + 23. Calculate the remainder when f is divided by d(p).
1
Let p(r) = -3*r - 7. Suppose 15*t + 55 - 10 = 0. Let a be p(t). Suppose -u + 335 = a*u - g, -5*g = -4*u + 432. What is the remainder when u is divided by 24?
17
Let q be -1 + 4 + 5/((-15)/(-3)). Suppose -5*l - 2 = 3*x - 60, 0 = -5*x - 2*l + 103. Let t = x - q. Calculate the remainder when 99 is divided by t.
14
Suppose 0*q = -2*q - 2*d + 226, -234 = -2*q - 4*d. Let g = 63 + -55. What is the remainder when q is divided by 1/(2/g) - -24*1?
25
Let d(v) = -6*v**2 + 14*v - 3 + 8 - 2 + 9*v**2. Calculate the remainder when 23 is divided by d(-5).
7
Suppose 4*t - m - 174 = -4*m, 4*t = -10*m + 132. What is the remainder when 334 is divided by t?
46
Suppose 167*u = 170*u + 99. Let i = -29 - u. What is the remainder when 19 is divided by i?
3
Suppose 2*k + w - 369 = 0, -w = -1276 + 1275. Calculate the remainder when k is divided by 48.
40
Suppose 4*t + 0*t - 2*c = 236, 0 = -t - 4*c + 68. What is the remainder when t is divided by (26 + -27)*(0 + -9)?
6
Let n(z) = -z**3 + 71*z**2 - 42*z - 1497. What is the remainder when n(70) is divided by 216?
31
Calculate the remainder when 27472/16 - (4 - (-2 - -3)) is divided by 6.
4
Let 